{"id":2978,"date":"2025-08-14T00:27:01","date_gmt":"2025-08-14T00:27:01","guid":{"rendered":"https:\/\/ppsg.ch\/?page_id=2978"},"modified":"2025-08-14T00:27:01","modified_gmt":"2025-08-14T00:27:01","slug":"abcb1-gen-chromosom-7q21-12","status":"publish","type":"page","link":"https:\/\/ppsg.ch\/?page_id=2978","title":{"rendered":"ABCB1-Gen Chromosom 7q21.12"},"content":{"rendered":"<p>Transporter sind Membranproteine mit einem ATP-bindenden Strukturelement (ATP binding cassette, ABC), die verschiedenste Substrate unter Energieverbrauch aktiv durch Zellmembranen schleusen und so massgeblich zum Ausw\u00e4rtstransport von Fremdstoffen aus der Zelle beitragen. Der durch das ABCB1-Gen codierte ABC-Transporter B1 (auch als P-Glykoprotein bezeichnet), ist u.a. an der Resorption im Darm beteiligt und Bestandteil der Blut-Hirn-Schranke. Da viele Wirkstoffe f\u00fcr eine erfolgreiche Verteilung im Organismus zun\u00e4chst den ABCB1-Transporter &#8222;\u00fcberwinden&#8220; m\u00fcssen, wird ABCB1 auch &#8222;Multi-Drug-Resistenz-Gen&#8220; genannt. Durch Variationen in diesem Gen kann sich der Wirkspiegel der transportierten Arzneimittel im K\u00f6rper ver\u00e4ndern. Wenn der Transporter zu wenig exprimiert wird oder nicht die volle Aktivit\u00e4t besitzt, funktioniert der Ausw\u00e4rtstransport nicht ausreichend und die Wirkstoffe erreichen zu hohe Konzentrationen. Da ABCB1 wie beschrieben an mehreren physiologischen Barrieren eine Rolle spielt und zudem teilweise auch an der Elimination \u00fcber die Niere beteiligt ist, k\u00f6nnen die Auswirkungen auf einzelne Wirkstoffe sehr stark variieren<\/p>\n","protected":false},"excerpt":{"rendered":"<p>Transporter sind Membranproteine mit einem ATP-bindenden Strukturelement (ATP binding cassette, ABC), die verschiedenste Substrate unter Energieverbrauch aktiv durch Zellmembranen schleusen und so massgeblich zum Ausw\u00e4rtstransport von Fremdstoffen aus der Zelle beitragen. Der durch das ABCB1-Gen codierte ABC-Transporter B1 (auch als P-Glykoprotein bezeichnet), ist u.a. an der Resorption im Darm beteiligt und Bestandteil der Blut-Hirn-Schranke. Da<\/p>\n","protected":false},"author":1,"featured_media":0,"parent":0,"menu_order":0,"comment_status":"closed","ping_status":"closed","template":"","meta":{"_acf_changed":false,"_themeisle_gutenberg_block_has_review":false,"footnotes":""},"class_list":["post-2978","page","type-page","status-publish","hentry"],"acf":[],"yoast_head":"<!-- This site is optimized with the Yoast SEO Premium plugin v21.6 (Yoast SEO v27.5) - https:\/\/yoast.com\/product\/yoast-seo-premium-wordpress\/ -->\n<title>ABCB1-Gen Chromosom 7q21.12 - Psychiatrische Praxis St. Gallen \u01c0 PPSG<\/title>\n<meta name=\"robots\" content=\"index, follow, max-snippet:-1, max-image-preview:large, max-video-preview:-1\" \/>\n<link rel=\"canonical\" href=\"https:\/\/ppsg.ch\/?page_id=2978\" \/>\n<meta property=\"og:locale\" content=\"de_DE\" \/>\n<meta property=\"og:type\" content=\"article\" \/>\n<meta property=\"og:title\" content=\"ABCB1-Gen Chromosom 7q21.12\" \/>\n<meta property=\"og:description\" content=\"Transporter sind Membranproteine mit einem ATP-bindenden Strukturelement (ATP binding cassette, ABC), die verschiedenste Substrate unter Energieverbrauch aktiv durch Zellmembranen schleusen und so massgeblich zum Ausw\u00e4rtstransport von Fremdstoffen aus der Zelle beitragen. Der durch das ABCB1-Gen codierte ABC-Transporter B1 (auch als P-Glykoprotein bezeichnet), ist u.a. an der Resorption im Darm beteiligt und Bestandteil der Blut-Hirn-Schranke. Da\" \/>\n<meta property=\"og:url\" content=\"https:\/\/ppsg.ch\/?page_id=2978\" \/>\n<meta property=\"og:site_name\" content=\"Psychiatrische Praxis St. Gallen \u01c0 PPSG\" \/>\n<meta property=\"og:image\" content=\"https:\/\/ppsg.ch\/wp-content\/uploads\/2023\/04\/Fotolia_139857590_M-Kopie-2.jpg\" \/>\n\t<meta property=\"og:image:width\" content=\"1715\" \/>\n\t<meta property=\"og:image:height\" content=\"1108\" \/>\n\t<meta property=\"og:image:type\" content=\"image\/jpeg\" \/>\n<meta name=\"twitter:card\" content=\"summary_large_image\" \/>\n<meta name=\"twitter:label1\" content=\"Gesch\u00e4tzte Lesezeit\" \/>\n\t<meta name=\"twitter:data1\" content=\"1\u00a0Minute\" \/>\n<script type=\"application\/ld+json\" class=\"yoast-schema-graph\">{\"@context\":\"https:\\\/\\\/schema.org\",\"@graph\":[{\"@type\":\"WebPage\",\"@id\":\"https:\\\/\\\/ppsg.ch\\\/?page_id=2978\",\"url\":\"https:\\\/\\\/ppsg.ch\\\/?page_id=2978\",\"name\":\"ABCB1-Gen Chromosom 7q21.12 - Psychiatrische Praxis St. Gallen \u01c0 PPSG\",\"isPartOf\":{\"@id\":\"https:\\\/\\\/ppsg.ch\\\/#website\"},\"datePublished\":\"2025-08-14T00:27:01+00:00\",\"inLanguage\":\"de\",\"potentialAction\":[{\"@type\":\"ReadAction\",\"target\":[\"https:\\\/\\\/ppsg.ch\\\/?page_id=2978\"]}]},{\"@type\":\"WebSite\",\"@id\":\"https:\\\/\\\/ppsg.ch\\\/#website\",\"url\":\"https:\\\/\\\/ppsg.ch\\\/\",\"name\":\"ppsg\",\"description\":\"\",\"publisher\":{\"@id\":\"https:\\\/\\\/ppsg.ch\\\/#organization\"},\"alternateName\":\"Psychiatrische Praxis St. Gallen\",\"potentialAction\":[{\"@type\":\"SearchAction\",\"target\":{\"@type\":\"EntryPoint\",\"urlTemplate\":\"https:\\\/\\\/ppsg.ch\\\/?s={search_term_string}\"},\"query-input\":{\"@type\":\"PropertyValueSpecification\",\"valueRequired\":true,\"valueName\":\"search_term_string\"}}],\"inLanguage\":\"de\"},{\"@type\":\"Organization\",\"@id\":\"https:\\\/\\\/ppsg.ch\\\/#organization\",\"name\":\"ppsg\",\"alternateName\":\"Psychiatrische Praxis St. Gallen\",\"url\":\"https:\\\/\\\/ppsg.ch\\\/\",\"logo\":{\"@type\":\"ImageObject\",\"inLanguage\":\"de\",\"@id\":\"https:\\\/\\\/ppsg.ch\\\/#\\\/schema\\\/logo\\\/image\\\/\",\"url\":\"https:\\\/\\\/ppsg.ch\\\/wp-content\\\/uploads\\\/2023\\\/04\\\/400PngdpiLogo.png\",\"contentUrl\":\"https:\\\/\\\/ppsg.ch\\\/wp-content\\\/uploads\\\/2023\\\/04\\\/400PngdpiLogo.png\",\"width\":2672,\"height\":1617,\"caption\":\"ppsg\"},\"image\":{\"@id\":\"https:\\\/\\\/ppsg.ch\\\/#\\\/schema\\\/logo\\\/image\\\/\"}}]}<\/script>\n<!-- \/ Yoast SEO Premium plugin. -->","yoast_head_json":{"title":"ABCB1-Gen Chromosom 7q21.12 - Psychiatrische Praxis St. Gallen \u01c0 PPSG","robots":{"index":"index","follow":"follow","max-snippet":"max-snippet:-1","max-image-preview":"max-image-preview:large","max-video-preview":"max-video-preview:-1"},"canonical":"https:\/\/ppsg.ch\/?page_id=2978","og_locale":"de_DE","og_type":"article","og_title":"ABCB1-Gen Chromosom 7q21.12","og_description":"Transporter sind Membranproteine mit einem ATP-bindenden Strukturelement (ATP binding cassette, ABC), die verschiedenste Substrate unter Energieverbrauch aktiv durch Zellmembranen schleusen und so massgeblich zum Ausw\u00e4rtstransport von Fremdstoffen aus der Zelle beitragen. Der durch das ABCB1-Gen codierte ABC-Transporter B1 (auch als P-Glykoprotein bezeichnet), ist u.a. an der Resorption im Darm beteiligt und Bestandteil der Blut-Hirn-Schranke. Da","og_url":"https:\/\/ppsg.ch\/?page_id=2978","og_site_name":"Psychiatrische Praxis St. Gallen \u01c0 PPSG","og_image":[{"width":1715,"height":1108,"url":"https:\/\/ppsg.ch\/wp-content\/uploads\/2023\/04\/Fotolia_139857590_M-Kopie-2.jpg","type":"image\/jpeg"}],"twitter_card":"summary_large_image","twitter_misc":{"Gesch\u00e4tzte Lesezeit":"1\u00a0Minute"},"schema":{"@context":"https:\/\/schema.org","@graph":[{"@type":"WebPage","@id":"https:\/\/ppsg.ch\/?page_id=2978","url":"https:\/\/ppsg.ch\/?page_id=2978","name":"ABCB1-Gen Chromosom 7q21.12 - Psychiatrische Praxis St. Gallen \u01c0 PPSG","isPartOf":{"@id":"https:\/\/ppsg.ch\/#website"},"datePublished":"2025-08-14T00:27:01+00:00","inLanguage":"de","potentialAction":[{"@type":"ReadAction","target":["https:\/\/ppsg.ch\/?page_id=2978"]}]},{"@type":"WebSite","@id":"https:\/\/ppsg.ch\/#website","url":"https:\/\/ppsg.ch\/","name":"ppsg","description":"","publisher":{"@id":"https:\/\/ppsg.ch\/#organization"},"alternateName":"Psychiatrische Praxis St. Gallen","potentialAction":[{"@type":"SearchAction","target":{"@type":"EntryPoint","urlTemplate":"https:\/\/ppsg.ch\/?s={search_term_string}"},"query-input":{"@type":"PropertyValueSpecification","valueRequired":true,"valueName":"search_term_string"}}],"inLanguage":"de"},{"@type":"Organization","@id":"https:\/\/ppsg.ch\/#organization","name":"ppsg","alternateName":"Psychiatrische Praxis St. Gallen","url":"https:\/\/ppsg.ch\/","logo":{"@type":"ImageObject","inLanguage":"de","@id":"https:\/\/ppsg.ch\/#\/schema\/logo\/image\/","url":"https:\/\/ppsg.ch\/wp-content\/uploads\/2023\/04\/400PngdpiLogo.png","contentUrl":"https:\/\/ppsg.ch\/wp-content\/uploads\/2023\/04\/400PngdpiLogo.png","width":2672,"height":1617,"caption":"ppsg"},"image":{"@id":"https:\/\/ppsg.ch\/#\/schema\/logo\/image\/"}}]}},"_links":{"self":[{"href":"https:\/\/ppsg.ch\/index.php?rest_route=\/wp\/v2\/pages\/2978","targetHints":{"allow":["GET"]}}],"collection":[{"href":"https:\/\/ppsg.ch\/index.php?rest_route=\/wp\/v2\/pages"}],"about":[{"href":"https:\/\/ppsg.ch\/index.php?rest_route=\/wp\/v2\/types\/page"}],"author":[{"embeddable":true,"href":"https:\/\/ppsg.ch\/index.php?rest_route=\/wp\/v2\/users\/1"}],"replies":[{"embeddable":true,"href":"https:\/\/ppsg.ch\/index.php?rest_route=%2Fwp%2Fv2%2Fcomments&post=2978"}],"version-history":[{"count":1,"href":"https:\/\/ppsg.ch\/index.php?rest_route=\/wp\/v2\/pages\/2978\/revisions"}],"predecessor-version":[{"id":2979,"href":"https:\/\/ppsg.ch\/index.php?rest_route=\/wp\/v2\/pages\/2978\/revisions\/2979"}],"wp:attachment":[{"href":"https:\/\/ppsg.ch\/index.php?rest_route=%2Fwp%2Fv2%2Fmedia&parent=2978"}],"curies":[{"name":"wp","href":"https:\/\/api.w.org\/{rel}","templated":true}]}}